{"id":908,"date":"2015-01-30T19:33:02","date_gmt":"2015-01-30T18:33:02","guid":{"rendered":"https:\/\/unser-aschbach.de\/staging2025\/?page_id=908"},"modified":"2019-01-29T21:28:56","modified_gmt":"2019-01-29T20:28:56","slug":"private-internetseiten-2","status":"publish","type":"page","link":"https:\/\/unser-aschbach.de\/staging2025\/private-internetseiten-2\/","title":{"rendered":"Verlinkungen"},"content":{"rendered":"<p>Nachfolgend der Link auf die Stadt Lebach<\/p>\n<p><a href=\"https:\/\/www.lebach.de\/\" target=\"_blank\" rel=\"noopener\">https:\/\/www.lebach.de\/<\/a><\/p>\n<p><a href=\"http:\/\/www.saar-nostalgie.de\/Saar-Geld.htm\">http:\/\/www.saar-nostalgie.de\/Saar-Geld.htm<\/a><\/p>\n<div class=\"shariff shariff-align-flex-start shariff-widget-align-flex-start\"><ul class=\"shariff-buttons theme-round orientation-horizontal buttonsize-medium\"><li class=\"shariff-button mailto shariff-nocustomcolor\" style=\"background-color:#a8a8a8\"><a href=\"mailto:?body=https%3A%2F%2Funser-aschbach.de%2Fstaging2025%2Fprivate-internetseiten-2%2F&subject=Verlinkungen\" title=\"Per E-Mail versenden\" aria-label=\"Per E-Mail versenden\" role=\"button\" rel=\"noopener nofollow\" class=\"shariff-link\" style=\"; background-color:#999; color:#fff\"><span class=\"shariff-icon\" style=\"\"><svg width=\"32px\" height=\"20px\" xmlns=\"http:\/\/www.w3.org\/2000\/svg\" viewBox=\"0 0 32 32\"><path fill=\"#999\" d=\"M32 12.7v14.2q0 1.2-0.8 2t-2 0.9h-26.3q-1.2 0-2-0.9t-0.8-2v-14.2q0.8 0.9 1.8 1.6 6.5 4.4 8.9 6.1 1 0.8 1.6 1.2t1.7 0.9 2 0.4h0.1q0.9 0 2-0.4t1.7-0.9 1.6-1.2q3-2.2 8.9-6.1 1-0.7 1.8-1.6zM32 7.4q0 1.4-0.9 2.7t-2.2 2.2q-6.7 4.7-8.4 5.8-0.2 0.1-0.7 0.5t-1 0.7-0.9 0.6-1.1 0.5-0.9 0.2h-0.1q-0.4 0-0.9-0.2t-1.1-0.5-0.9-0.6-1-0.7-0.7-0.5q-1.6-1.1-4.7-3.2t-3.6-2.6q-1.1-0.7-2.1-2t-1-2.5q0-1.4 0.7-2.3t2.1-0.9h26.3q1.2 0 2 0.8t0.9 2z\"\/><\/svg><\/span><\/a><\/li><li class=\"shariff-button facebook shariff-nocustomcolor\" style=\"background-color:#4273c8\"><a href=\"https:\/\/www.facebook.com\/sharer\/sharer.php?u=https%3A%2F%2Funser-aschbach.de%2Fstaging2025%2Fprivate-internetseiten-2%2F\" title=\"Bei Facebook teilen\" aria-label=\"Bei Facebook teilen\" role=\"button\" rel=\"nofollow\" class=\"shariff-link\" style=\"; background-color:#3b5998; color:#fff\" target=\"_blank\"><span class=\"shariff-icon\" style=\"\"><svg width=\"32px\" height=\"20px\" xmlns=\"http:\/\/www.w3.org\/2000\/svg\" viewBox=\"0 0 18 32\"><path fill=\"#3b5998\" d=\"M17.1 0.2v4.7h-2.8q-1.5 0-2.1 0.6t-0.5 1.9v3.4h5.2l-0.7 5.3h-4.5v13.6h-5.5v-13.6h-4.5v-5.3h4.5v-3.9q0-3.3 1.9-5.2t5-1.8q2.6 0 4.1 0.2z\"\/><\/svg><\/span><\/a><\/li><li class=\"shariff-button whatsapp shariff-nocustomcolor\" style=\"background-color:#5cbe4a\"><a href=\"https:\/\/api.whatsapp.com\/send?text=https%3A%2F%2Funser-aschbach.de%2Fstaging2025%2Fprivate-internetseiten-2%2F%20Verlinkungen\" title=\"Bei Whatsapp teilen\" aria-label=\"Bei Whatsapp teilen\" role=\"button\" rel=\"noopener nofollow\" class=\"shariff-link\" style=\"; background-color:#34af23; color:#fff\" target=\"_blank\"><span class=\"shariff-icon\" style=\"\"><svg width=\"32px\" height=\"20px\" xmlns=\"http:\/\/www.w3.org\/2000\/svg\" viewBox=\"0 0 32 32\"><path fill=\"#34af23\" d=\"M17.6 17.4q0.2 0 1.7 0.8t1.6 0.9q0 0.1 0 0.3 0 0.6-0.3 1.4-0.3 0.7-1.3 1.2t-1.8 0.5q-1 0-3.4-1.1-1.7-0.8-3-2.1t-2.6-3.3q-1.3-1.9-1.3-3.5v-0.1q0.1-1.6 1.3-2.8 0.4-0.4 0.9-0.4 0.1 0 0.3 0t0.3 0q0.3 0 0.5 0.1t0.3 0.5q0.1 0.4 0.6 1.6t0.4 1.3q0 0.4-0.6 1t-0.6 0.8q0 0.1 0.1 0.3 0.6 1.3 1.8 2.4 1 0.9 2.7 1.8 0.2 0.1 0.4 0.1 0.3 0 1-0.9t0.9-0.9zM14 26.9q2.3 0 4.3-0.9t3.6-2.4 2.4-3.6 0.9-4.3-0.9-4.3-2.4-3.6-3.6-2.4-4.3-0.9-4.3 0.9-3.6 2.4-2.4 3.6-0.9 4.3q0 3.6 2.1 6.6l-1.4 4.2 4.3-1.4q2.8 1.9 6.2 1.9zM14 2.2q2.7 0 5.2 1.1t4.3 2.9 2.9 4.3 1.1 5.2-1.1 5.2-2.9 4.3-4.3 2.9-5.2 1.1q-3.5 0-6.5-1.7l-7.4 2.4 2.4-7.2q-1.9-3.2-1.9-6.9 0-2.7 1.1-5.2t2.9-4.3 4.3-2.9 5.2-1.1z\"\/><\/svg><\/span><\/a><\/li><\/ul><\/div>","protected":false},"excerpt":{"rendered":"<p>Nachfolgend der Link auf die Stadt Lebach https:\/\/www.lebach.de\/ http:\/\/www.saar-nostalgie.de\/Saar-Geld.htm<\/p>\n<p> <a class=\"continue-reading-link\" href=\"https:\/\/unser-aschbach.de\/staging2025\/private-internetseiten-2\/\"><span>weiterlesen<\/span><i class=\"crycon-right-dir\"><\/i><\/a> <\/p>\n","protected":false},"author":1,"featured_media":0,"parent":0,"menu_order":0,"comment_status":"open","ping_status":"open","template":"","meta":{"jetpack_post_was_ever_published":false,"footnotes":""},"class_list":["post-908","page","type-page","status-publish","hentry"],"jetpack_shortlink":"https:\/\/wp.me\/PggZrZ-eE","jetpack-related-posts":[{"id":2905,"url":"https:\/\/unser-aschbach.de\/staging2025\/wie-war-das-noch-damals\/waehrungen-in-unserem-ort-nach-dem-2-weltkrieg\/","url_meta":{"origin":908,"position":0},"title":"W\u00e4hrungen in unserem Ort nach dem 2. Weltkrieg","author":"Someone","date":"10. Dezember 2018","format":false,"excerpt":"Eines der ersten Ereignisse, an das ich mich heute noch sehr gut erinnern kann, war im Jahr 1959 die Umstellung der damaligen W\u00e4hrung \"franz\u00f6sische Franc\" auf die D-Mark im Jahr 1959. F\u00fcr mich waren die neuen M\u00fcnzen\u00a0 - so meine Erinnerung-\u00a0 viel sch\u00f6ner, schwerer, gl\u00e4nzender - kurzum wertvoller als die\u00a0\u2026","rel":"","context":"\u00c4hnlicher Beitrag","block_context":{"text":"\u00c4hnlicher Beitrag","link":""},"img":{"alt_text":"","src":"","width":0,"height":0},"classes":[]},{"id":330,"url":"https:\/\/unser-aschbach.de\/staging2025\/unser-ort\/politische-struktur\/","url_meta":{"origin":908,"position":1},"title":"Freunde und Nachbarn","author":"Someone","date":"12. November 2014","format":false,"excerpt":"Mit der Gebiets- und Verwaltungsreform zum 01.01.1974 wurde Aschbach der Gemeinde Lebach, Landkreis Saarlouis Bundesland Saarland zugeordnet. Bis zum 31.12.1973 geh\u00f6rte Aschbach zur Gemeinde Eppelborn, Landkreis Ottweiler. Der Landkreis Ottweiler wurde im Zuge der Verwaltungs- und Gebietsreform aufgel\u00f6st und ist in den Landkreisen Neunkirchen\/Saar und Saarlouis aufgegangen. Am 01.06.1977 wurden\u2026","rel":"","context":"\u00c4hnlicher Beitrag","block_context":{"text":"\u00c4hnlicher Beitrag","link":""},"img":{"alt_text":"","src":"","width":0,"height":0},"classes":[]},{"id":807,"url":"https:\/\/unser-aschbach.de\/staging2025\/vereine-2\/","url_meta":{"origin":908,"position":2},"title":"Vereine und Parteien","author":"Someone","date":"15. Januar 2015","format":false,"excerpt":"Aschbach kann stolz sein auf eine rege Vereinst\u00e4tigkeit. Es wird ein breites Spektrum an Aktivit\u00e4ten f\u00fcr jung und alt angeboten. Ob sportlich, kulturell, kirchlich, kreativ, sozial, gemeinn\u00fctzig, politisch...(fast) alles ist vertreten in Aschbach. Dabei kommt diese breite Palette an Angeboten nicht nur denjenigen zugute, die f\u00fcr sich selbst eine sinnvolle\u2026","rel":"","context":"Mit 2 Kommentaren","block_context":{"text":"Mit 2 Kommentaren","link":"https:\/\/unser-aschbach.de\/staging2025\/vereine-2\/#comments"},"img":{"alt_text":"","src":"https:\/\/i0.wp.com\/unser-aschbach.de\/staging2025\/wp-content\/uploads\/2015\/01\/Wappenwand_bearbeitet1.jpg?fit=1200%2C336&ssl=1&resize=350%2C200","width":350,"height":200,"srcset":"https:\/\/i0.wp.com\/unser-aschbach.de\/staging2025\/wp-content\/uploads\/2015\/01\/Wappenwand_bearbeitet1.jpg?fit=1200%2C336&ssl=1&resize=350%2C200 1x, https:\/\/i0.wp.com\/unser-aschbach.de\/staging2025\/wp-content\/uploads\/2015\/01\/Wappenwand_bearbeitet1.jpg?fit=1200%2C336&ssl=1&resize=525%2C300 1.5x, https:\/\/i0.wp.com\/unser-aschbach.de\/staging2025\/wp-content\/uploads\/2015\/01\/Wappenwand_bearbeitet1.jpg?fit=1200%2C336&ssl=1&resize=700%2C400 2x, https:\/\/i0.wp.com\/unser-aschbach.de\/staging2025\/wp-content\/uploads\/2015\/01\/Wappenwand_bearbeitet1.jpg?fit=1200%2C336&ssl=1&resize=1050%2C600 3x"},"classes":[]},{"id":82,"url":"https:\/\/unser-aschbach.de\/staging2025\/unser-ort\/","url_meta":{"origin":908,"position":3},"title":"Unser Ort","author":"Someone","date":"23. Oktober 2014","format":false,"excerpt":"Willkommen in Aschbach! Aschbach ist ein Stadtteil von Lebach und liegt im Saarland, dem kleinsten Fl\u00e4chenbundesland Deutschlands.Diese Seite soll dazu dienen, Einheimische, \"Auswanderer\" und andere Besucher mit allgemeinen und aktuellen Informationen rund um Aschbach zu versorgen. Geographische Lage Aschbach liegt geographisch\u00a0zwar nicht exakt, aber ann\u00e4hernd genau\u00a0in der Mitte des Saarlandes\u2026","rel":"","context":"\u00c4hnlicher Beitrag","block_context":{"text":"\u00c4hnlicher Beitrag","link":""},"img":{"alt_text":"","src":"https:\/\/i0.wp.com\/unser-aschbach.de\/staging2025\/wp-content\/uploads\/2014\/10\/A260013.jpg?resize=350%2C200&ssl=1","width":350,"height":200,"srcset":"https:\/\/i0.wp.com\/unser-aschbach.de\/staging2025\/wp-content\/uploads\/2014\/10\/A260013.jpg?resize=350%2C200&ssl=1 1x, https:\/\/i0.wp.com\/unser-aschbach.de\/staging2025\/wp-content\/uploads\/2014\/10\/A260013.jpg?resize=525%2C300&ssl=1 1.5x, https:\/\/i0.wp.com\/unser-aschbach.de\/staging2025\/wp-content\/uploads\/2014\/10\/A260013.jpg?resize=700%2C400&ssl=1 2x, https:\/\/i0.wp.com\/unser-aschbach.de\/staging2025\/wp-content\/uploads\/2014\/10\/A260013.jpg?resize=1050%2C600&ssl=1 3x"},"classes":[]},{"id":1590,"url":"https:\/\/unser-aschbach.de\/staging2025\/2016-2\/","url_meta":{"origin":908,"position":4},"title":"2016","author":"Someone","date":"13. Dezember 2015","format":false,"excerpt":"\u00a0 Aschbacher Kalender 2016 \u00a0 \u00a0 \u00a0 \u00a0 \u00a0 \u00a0 \u00a0 \u00a0 Mit einem\u00a0Doppelklick auf nachfolgenden Link \u00f6ffnet\u00a0sich\u00a0der Veranstaltungskalender f\u00fcr Aschbach f\u00fcr das\u00a0Jahr 2016. Der Veranstaltungskalender wurde von unserem Ortsvorsteher herausgegeben. Aschbacher Kalender 2016 A4-Format Seite 1","rel":"","context":"\u00c4hnlicher Beitrag","block_context":{"text":"\u00c4hnlicher Beitrag","link":""},"img":{"alt_text":"Wappen von Aschbach","src":"https:\/\/i0.wp.com\/unser-aschbach.de\/staging2025\/wp-content\/uploads\/2015\/12\/Wappen-von-Aschbach-e1450015509577.jpg?resize=350%2C200&ssl=1","width":350,"height":200},"classes":[]},{"id":628,"url":"https:\/\/unser-aschbach.de\/staging2025\/veranstaltungen\/2015-2\/","url_meta":{"origin":908,"position":5},"title":"2015","author":"Someone","date":"18. Dezember 2014","format":false,"excerpt":"\u00a0 Mit einem\u00a0Doppelklick auf nachfolgenden Link \u00f6ffnet\u00a0sich\u00a0der Veranstaltungskalender f\u00fcr Aschbach f\u00fcr das\u00a0Jahr 2015. Der Veranstaltungskalender wurde von unserem Ortsvorsteher herausgegeben. Aschbacher Kalender 2015 aktualisiert","rel":"","context":"\u00c4hnlicher Beitrag","block_context":{"text":"\u00c4hnlicher Beitrag","link":""},"img":{"alt_text":"","src":"","width":0,"height":0},"classes":[]}],"jetpack_sharing_enabled":true,"_links":{"self":[{"href":"https:\/\/unser-aschbach.de\/staging2025\/wp-json\/wp\/v2\/pages\/908","targetHints":{"allow":["GET"]}}],"collection":[{"href":"https:\/\/unser-aschbach.de\/staging2025\/wp-json\/wp\/v2\/pages"}],"about":[{"href":"https:\/\/unser-aschbach.de\/staging2025\/wp-json\/wp\/v2\/types\/page"}],"author":[{"embeddable":true,"href":"https:\/\/unser-aschbach.de\/staging2025\/wp-json\/wp\/v2\/users\/1"}],"replies":[{"embeddable":true,"href":"https:\/\/unser-aschbach.de\/staging2025\/wp-json\/wp\/v2\/comments?post=908"}],"version-history":[{"count":7,"href":"https:\/\/unser-aschbach.de\/staging2025\/wp-json\/wp\/v2\/pages\/908\/revisions"}],"predecessor-version":[{"id":3383,"href":"https:\/\/unser-aschbach.de\/staging2025\/wp-json\/wp\/v2\/pages\/908\/revisions\/3383"}],"wp:attachment":[{"href":"https:\/\/unser-aschbach.de\/staging2025\/wp-json\/wp\/v2\/media?parent=908"}],"curies":[{"name":"wp","href":"https:\/\/api.w.org\/{rel}","templated":true}]}}