{"id":330,"date":"2014-11-12T22:00:08","date_gmt":"2014-11-12T21:00:08","guid":{"rendered":"https:\/\/unser-aschbach.de\/staging2025\/?page_id=330"},"modified":"2025-01-10T13:59:36","modified_gmt":"2025-01-10T12:59:36","slug":"politische-struktur","status":"publish","type":"page","link":"https:\/\/unser-aschbach.de\/staging2025\/unser-ort\/politische-struktur\/","title":{"rendered":"Freunde und Nachbarn"},"content":{"rendered":"<p>Mit der Gebiets- und Verwaltungsreform zum 01.01.1974 wurde Aschbach der Gemeinde Lebach, Landkreis Saarlouis Bundesland Saarland zugeordnet.<\/p>\n<p>Bis zum 31.12.1973 geh\u00f6rte Aschbach zur Gemeinde <a href=\"https:\/\/www.eppelborn.de\/\">Eppelborn<\/a>, Landkreis Ottweiler. Der Landkreis Ottweiler wurde im Zuge der Verwaltungs- und Gebietsreform aufgel\u00f6st und ist in den Landkreisen Neunkirchen\/Saar und <a href=\"https:\/\/www.saarlouis.de\/?lang=de\">Saarlouis<\/a> aufgegangen.<\/p>\n<p>Am 01.06.1977 wurden der Gemeinde Lebach die Stadtrechte verliehen und seitdem ist Aschbach ein <a href=\"https:\/\/www.lebach.de\/\">Stadtteil von Lebach<\/a>. Benachbarte Stadtteile sind <a href=\"https:\/\/www.thalexweiler.de\/\">Thalexweiler<\/a>, <a href=\"https:\/\/unser-niedersaubach.de\/\">Niedersaubach <\/a>und <a href=\"https:\/\/www.lebach.de\/lebach\/die-stadt\">Lebach<\/a>.<\/p>\n\n\n<p><\/p>\n<div class=\"shariff shariff-align-flex-start shariff-widget-align-flex-start\"><ul class=\"shariff-buttons theme-round orientation-horizontal buttonsize-medium\"><li class=\"shariff-button mailto shariff-nocustomcolor\" style=\"background-color:#a8a8a8\"><a href=\"mailto:?body=https%3A%2F%2Funser-aschbach.de%2Fstaging2025%2Funser-ort%2Fpolitische-struktur%2F&subject=Freunde%20und%20Nachbarn\" title=\"Per E-Mail versenden\" aria-label=\"Per E-Mail versenden\" role=\"button\" rel=\"noopener nofollow\" class=\"shariff-link\" style=\"; background-color:#999; color:#fff\"><span class=\"shariff-icon\" style=\"\"><svg width=\"32px\" height=\"20px\" xmlns=\"http:\/\/www.w3.org\/2000\/svg\" viewBox=\"0 0 32 32\"><path fill=\"#999\" d=\"M32 12.7v14.2q0 1.2-0.8 2t-2 0.9h-26.3q-1.2 0-2-0.9t-0.8-2v-14.2q0.8 0.9 1.8 1.6 6.5 4.4 8.9 6.1 1 0.8 1.6 1.2t1.7 0.9 2 0.4h0.1q0.9 0 2-0.4t1.7-0.9 1.6-1.2q3-2.2 8.9-6.1 1-0.7 1.8-1.6zM32 7.4q0 1.4-0.9 2.7t-2.2 2.2q-6.7 4.7-8.4 5.8-0.2 0.1-0.7 0.5t-1 0.7-0.9 0.6-1.1 0.5-0.9 0.2h-0.1q-0.4 0-0.9-0.2t-1.1-0.5-0.9-0.6-1-0.7-0.7-0.5q-1.6-1.1-4.7-3.2t-3.6-2.6q-1.1-0.7-2.1-2t-1-2.5q0-1.4 0.7-2.3t2.1-0.9h26.3q1.2 0 2 0.8t0.9 2z\"\/><\/svg><\/span><\/a><\/li><li class=\"shariff-button facebook shariff-nocustomcolor\" style=\"background-color:#4273c8\"><a href=\"https:\/\/www.facebook.com\/sharer\/sharer.php?u=https%3A%2F%2Funser-aschbach.de%2Fstaging2025%2Funser-ort%2Fpolitische-struktur%2F\" title=\"Bei Facebook teilen\" aria-label=\"Bei Facebook teilen\" role=\"button\" rel=\"nofollow\" class=\"shariff-link\" style=\"; background-color:#3b5998; color:#fff\" target=\"_blank\"><span class=\"shariff-icon\" style=\"\"><svg width=\"32px\" height=\"20px\" xmlns=\"http:\/\/www.w3.org\/2000\/svg\" viewBox=\"0 0 18 32\"><path fill=\"#3b5998\" d=\"M17.1 0.2v4.7h-2.8q-1.5 0-2.1 0.6t-0.5 1.9v3.4h5.2l-0.7 5.3h-4.5v13.6h-5.5v-13.6h-4.5v-5.3h4.5v-3.9q0-3.3 1.9-5.2t5-1.8q2.6 0 4.1 0.2z\"\/><\/svg><\/span><\/a><\/li><li class=\"shariff-button whatsapp shariff-nocustomcolor\" style=\"background-color:#5cbe4a\"><a href=\"https:\/\/api.whatsapp.com\/send?text=https%3A%2F%2Funser-aschbach.de%2Fstaging2025%2Funser-ort%2Fpolitische-struktur%2F%20Freunde%20und%20Nachbarn\" title=\"Bei Whatsapp teilen\" aria-label=\"Bei Whatsapp teilen\" role=\"button\" rel=\"noopener nofollow\" class=\"shariff-link\" style=\"; background-color:#34af23; color:#fff\" target=\"_blank\"><span class=\"shariff-icon\" style=\"\"><svg width=\"32px\" height=\"20px\" xmlns=\"http:\/\/www.w3.org\/2000\/svg\" viewBox=\"0 0 32 32\"><path fill=\"#34af23\" d=\"M17.6 17.4q0.2 0 1.7 0.8t1.6 0.9q0 0.1 0 0.3 0 0.6-0.3 1.4-0.3 0.7-1.3 1.2t-1.8 0.5q-1 0-3.4-1.1-1.7-0.8-3-2.1t-2.6-3.3q-1.3-1.9-1.3-3.5v-0.1q0.1-1.6 1.3-2.8 0.4-0.4 0.9-0.4 0.1 0 0.3 0t0.3 0q0.3 0 0.5 0.1t0.3 0.5q0.1 0.4 0.6 1.6t0.4 1.3q0 0.4-0.6 1t-0.6 0.8q0 0.1 0.1 0.3 0.6 1.3 1.8 2.4 1 0.9 2.7 1.8 0.2 0.1 0.4 0.1 0.3 0 1-0.9t0.9-0.9zM14 26.9q2.3 0 4.3-0.9t3.6-2.4 2.4-3.6 0.9-4.3-0.9-4.3-2.4-3.6-3.6-2.4-4.3-0.9-4.3 0.9-3.6 2.4-2.4 3.6-0.9 4.3q0 3.6 2.1 6.6l-1.4 4.2 4.3-1.4q2.8 1.9 6.2 1.9zM14 2.2q2.7 0 5.2 1.1t4.3 2.9 2.9 4.3 1.1 5.2-1.1 5.2-2.9 4.3-4.3 2.9-5.2 1.1q-3.5 0-6.5-1.7l-7.4 2.4 2.4-7.2q-1.9-3.2-1.9-6.9 0-2.7 1.1-5.2t2.9-4.3 4.3-2.9 5.2-1.1z\"\/><\/svg><\/span><\/a><\/li><\/ul><\/div>","protected":false},"excerpt":{"rendered":"<p>Mit der Gebiets- und Verwaltungsreform zum 01.01.1974 wurde Aschbach der Gemeinde Lebach, Landkreis Saarlouis Bundesland Saarland zugeordnet. Bis zum 31.12.1973 geh\u00f6rte Aschbach zur Gemeinde Eppelborn, Landkreis Ottweiler. Der Landkreis Ottweiler wurde im Zuge der Verwaltungs- und Gebietsreform aufgel\u00f6st und ist in den Landkreisen Neunkirchen\/Saar und Saarlouis aufgegangen. Am 01.06.1977 wurden der Gemeinde Lebach die Stadtrechte&#8230;<\/p>\n<p> <a class=\"continue-reading-link\" href=\"https:\/\/unser-aschbach.de\/staging2025\/unser-ort\/politische-struktur\/\"><span>weiterlesen<\/span><i class=\"crycon-right-dir\"><\/i><\/a> <\/p>\n","protected":false},"author":1,"featured_media":0,"parent":82,"menu_order":1,"comment_status":"open","ping_status":"closed","template":"","meta":{"jetpack_post_was_ever_published":false,"footnotes":""},"class_list":["post-330","page","type-page","status-publish","hentry"],"jetpack_shortlink":"https:\/\/wp.me\/PggZrZ-5k","jetpack-related-posts":[{"id":82,"url":"https:\/\/unser-aschbach.de\/staging2025\/unser-ort\/","url_meta":{"origin":330,"position":0},"title":"Unser Ort","author":"Someone","date":"23. Oktober 2014","format":false,"excerpt":"Willkommen in Aschbach! Aschbach ist ein Stadtteil von Lebach und liegt im Saarland, dem kleinsten Fl\u00e4chenbundesland Deutschlands.Diese Seite soll dazu dienen, Einheimische, \"Auswanderer\" und andere Besucher mit allgemeinen und aktuellen Informationen rund um Aschbach zu versorgen. Geographische Lage Aschbach liegt geographisch\u00a0zwar nicht exakt, aber ann\u00e4hernd genau\u00a0in der Mitte des Saarlandes\u2026","rel":"","context":"\u00c4hnlicher Beitrag","block_context":{"text":"\u00c4hnlicher Beitrag","link":""},"img":{"alt_text":"","src":"https:\/\/i0.wp.com\/unser-aschbach.de\/staging2025\/wp-content\/uploads\/2014\/10\/A260013.jpg?resize=350%2C200&ssl=1","width":350,"height":200,"srcset":"https:\/\/i0.wp.com\/unser-aschbach.de\/staging2025\/wp-content\/uploads\/2014\/10\/A260013.jpg?resize=350%2C200&ssl=1 1x, https:\/\/i0.wp.com\/unser-aschbach.de\/staging2025\/wp-content\/uploads\/2014\/10\/A260013.jpg?resize=525%2C300&ssl=1 1.5x, https:\/\/i0.wp.com\/unser-aschbach.de\/staging2025\/wp-content\/uploads\/2014\/10\/A260013.jpg?resize=700%2C400&ssl=1 2x, https:\/\/i0.wp.com\/unser-aschbach.de\/staging2025\/wp-content\/uploads\/2014\/10\/A260013.jpg?resize=1050%2C600&ssl=1 3x"},"classes":[]},{"id":1237,"url":"https:\/\/unser-aschbach.de\/staging2025\/vereine-2\/tischtennisverein-ttc-aschbach\/","url_meta":{"origin":330,"position":1},"title":"Tischtennisverein TTC Aschbach","author":"Someone","date":"11. Mai 2015","format":false,"excerpt":"TTC 84 Aschbach \u00a0 Gegr\u00fcndet: 1984 \u00a0 Spielort: Mehrzweckhalle Aschbach \u00a0 Vereinsmitglieder\u00a0: ca. 100 \u00a0 Mannschaften : 2 Herren \u00a0\u00a0\u00a0\u00a0\u00a0\u00a0\u00a0\u00a0\u00a0\u00a0\u00a0\u00a0\u00a0\u00a0\u00a0\u00a0\u00a0\u00a0\u00a0\u00a0\u00a0\u00a0\u00a0\u00a0 Unsere\u00a0erste Mannschaft spielt in der 1. Kreisklasse West. \u00a0\u00a0\u00a0\u00a0\u00a0\u00a0\u00a0\u00a0\u00a0\u00a0\u00a0\u00a0\u00a0\u00a0\u00a0\u00a0\u00a0\u00a0\u00a0\u00a0\u00a0\u00a0\u00a0\u00a0 Die zweite Mannschaft spielt in der 2. Kreisklasse West. \u00a0 \u00a0 Trainingszeiten : Jugend : 18.30 - 20.00 Uhr (dienstags) \u00a0\u00a0\u00a0\u00a0\u00a0\u00a0\u00a0\u00a0\u00a0\u00a0\u00a0\u00a0\u00a0\u00a0\u00a0\u00a0\u00a0\u00a0\u00a0\u00a0\u00a0\u00a0\u00a0\u00a0\u00a0\u00a0\u00a0\u00a0\u00a0\u00a0\u00a0\u00a0\u00a0\u00a0\u00a0\u00a0\u00a0\u00a0\u00a0\u00a0\u00a0\u00a017.00\u2026","rel":"","context":"\u00c4hnlicher Beitrag","block_context":{"text":"\u00c4hnlicher Beitrag","link":""},"img":{"alt_text":"","src":"","width":0,"height":0},"classes":[]},{"id":354,"url":"https:\/\/unser-aschbach.de\/staging2025\/unser-ort\/ortsvorsteher-und-ortsrat\/","url_meta":{"origin":330,"position":2},"title":"Ortsrat und Ortsvorsteher","author":"Someone","date":"13. November 2014","format":false,"excerpt":"Ortsvorsteher\/inStellvertreter\/inJosef NickolaiLeo Willms Zusammensetzung des Ortsrats NameAnschriftParteiUhrhan Klaus DieterFlurstra\u00dfe 38GUDThewes SimonFlurstra\u00dfe 67GUDStark Sandra-AnnaAm M\u00fchlenberg 25CDUKirsch LisaZur Homesm\u00fchle 27CDUHempel PeterAm M\u00fchlenberg 27SPDBohlen ThomasFlurstra\u00dfe 26SPDSch\u00fctz LuciaFlurstra\u00dfe 21SPDNickolai JosefZur Flitsch 10SPDWillms LeoAuf der Acht 10SPD Allgemeine Kommunalwahlen Die n\u00e4chsten allgemeinen Kommunalwahlen finden 2029 statt. Direktwahlen Der Wahltag wird von der obersten Kommunalaufsichtsbeh\u00f6rde (Ministerium\u2026","rel":"","context":"\u00c4hnlicher Beitrag","block_context":{"text":"\u00c4hnlicher Beitrag","link":""},"img":{"alt_text":"","src":"","width":0,"height":0},"classes":[]},{"id":908,"url":"https:\/\/unser-aschbach.de\/staging2025\/private-internetseiten-2\/","url_meta":{"origin":330,"position":3},"title":"Verlinkungen","author":"Someone","date":"30. Januar 2015","format":false,"excerpt":"Nachfolgend der Link auf die Stadt Lebach https:\/\/www.lebach.de\/ http:\/\/www.saar-nostalgie.de\/Saar-Geld.htm","rel":"","context":"\u00c4hnlicher Beitrag","block_context":{"text":"\u00c4hnlicher Beitrag","link":""},"img":{"alt_text":"","src":"","width":0,"height":0},"classes":[]},{"id":334,"url":"https:\/\/unser-aschbach.de\/staging2025\/unser-ort\/geschichtlicher-rueckblick-3\/","url_meta":{"origin":330,"position":4},"title":"Geschichtlicher R\u00fcckblick","author":"Someone","date":"13. November 2014","format":false,"excerpt":"Das Dorf Aschbach mit dem Weiler Henselhofen geh\u00f6rte bis zur Franz\u00f6sischen Revolution zur Schicksalsgemeinschaft der Orte um den Schaumberg, die zur Abtei Tholey geh\u00f6rten. Dieses 634 n. Chr. erstmals genannte Kloster ist das \u00e4lteste urkundlich belegte Kloster in Deutschland. Aus der Schirmherrschaft der Grafen von Blieskastel, die Ende des 13.\u2026","rel":"","context":"\u00c4hnlicher Beitrag","block_context":{"text":"\u00c4hnlicher Beitrag","link":""},"img":{"alt_text":"","src":"https:\/\/i0.wp.com\/unser-aschbach.de\/staging2025\/wp-content\/uploads\/2014\/11\/Aschbach-1946.jpg?fit=1200%2C781&ssl=1&resize=350%2C200","width":350,"height":200,"srcset":"https:\/\/i0.wp.com\/unser-aschbach.de\/staging2025\/wp-content\/uploads\/2014\/11\/Aschbach-1946.jpg?fit=1200%2C781&ssl=1&resize=350%2C200 1x, https:\/\/i0.wp.com\/unser-aschbach.de\/staging2025\/wp-content\/uploads\/2014\/11\/Aschbach-1946.jpg?fit=1200%2C781&ssl=1&resize=525%2C300 1.5x, https:\/\/i0.wp.com\/unser-aschbach.de\/staging2025\/wp-content\/uploads\/2014\/11\/Aschbach-1946.jpg?fit=1200%2C781&ssl=1&resize=700%2C400 2x, https:\/\/i0.wp.com\/unser-aschbach.de\/staging2025\/wp-content\/uploads\/2014\/11\/Aschbach-1946.jpg?fit=1200%2C781&ssl=1&resize=1050%2C600 3x"},"classes":[]},{"id":37,"url":"https:\/\/unser-aschbach.de\/staging2025\/impressum-2\/","url_meta":{"origin":330,"position":5},"title":"Impressum","author":"Someone","date":"20. Oktober 2014","format":false,"excerpt":"Angaben gem\u00e4\u00df \u00a7 5 TMG: Peter Hempelin Zusammenarbeit mit und im Auftrag des Ortsrats Aschbach Am M\u00fchlenberg 2766822 Lebach Kontakt:\u00a0kontakt@unser-aschbach.de Rechtshinweis: Die Betreiber von dieser Website pr\u00fcfen und aktualisieren die Informationen auf ihrer Website st\u00e4ndig. Trotz aller Sorgfalt k\u00f6nnen sich die Daten inzwischen ver\u00e4ndert haben. Eine Haftung oder Garantie f\u00fcr\u2026","rel":"","context":"\u00c4hnlicher Beitrag","block_context":{"text":"\u00c4hnlicher Beitrag","link":""},"img":{"alt_text":"","src":"","width":0,"height":0},"classes":[]}],"jetpack_sharing_enabled":true,"_links":{"self":[{"href":"https:\/\/unser-aschbach.de\/staging2025\/wp-json\/wp\/v2\/pages\/330","targetHints":{"allow":["GET"]}}],"collection":[{"href":"https:\/\/unser-aschbach.de\/staging2025\/wp-json\/wp\/v2\/pages"}],"about":[{"href":"https:\/\/unser-aschbach.de\/staging2025\/wp-json\/wp\/v2\/types\/page"}],"author":[{"embeddable":true,"href":"https:\/\/unser-aschbach.de\/staging2025\/wp-json\/wp\/v2\/users\/1"}],"replies":[{"embeddable":true,"href":"https:\/\/unser-aschbach.de\/staging2025\/wp-json\/wp\/v2\/comments?post=330"}],"version-history":[{"count":8,"href":"https:\/\/unser-aschbach.de\/staging2025\/wp-json\/wp\/v2\/pages\/330\/revisions"}],"predecessor-version":[{"id":5717,"href":"https:\/\/unser-aschbach.de\/staging2025\/wp-json\/wp\/v2\/pages\/330\/revisions\/5717"}],"up":[{"embeddable":true,"href":"https:\/\/unser-aschbach.de\/staging2025\/wp-json\/wp\/v2\/pages\/82"}],"wp:attachment":[{"href":"https:\/\/unser-aschbach.de\/staging2025\/wp-json\/wp\/v2\/media?parent=330"}],"curies":[{"name":"wp","href":"https:\/\/api.w.org\/{rel}","templated":true}]}}