{"id":2905,"date":"2018-12-10T19:58:54","date_gmt":"2018-12-10T18:58:54","guid":{"rendered":"https:\/\/unser-aschbach.de\/staging2025\/?page_id=2905"},"modified":"2018-12-28T20:31:19","modified_gmt":"2018-12-28T19:31:19","slug":"waehrungen-in-unserem-ort-nach-dem-2-weltkrieg","status":"publish","type":"page","link":"https:\/\/unser-aschbach.de\/staging2025\/wie-war-das-noch-damals\/waehrungen-in-unserem-ort-nach-dem-2-weltkrieg\/","title":{"rendered":"W\u00e4hrungen in unserem Ort nach dem 2. Weltkrieg"},"content":{"rendered":"\n<p class=\"has-background has-drop-cap has-pale-cyan-blue-background-color\">Eines der ersten Ereignisse, an das ich mich heute noch sehr gut erinnern kann, war im Jahr 1959 die Umstellung der damaligen  W\u00e4hrung &#8222;franz\u00f6sische Franc&#8220;  auf die D-Mark im Jahr 1959. F\u00fcr mich waren die neuen M\u00fcnzen&nbsp; &#8211; so meine Erinnerung-&nbsp; viel sch\u00f6ner, schwerer, gl\u00e4nzender &#8211;  kurzum wertvoller als die&nbsp; franz\u00f6sischen Franc.&nbsp;<\/p>\n\n\n\n<p> In Aschbach leben aber noch Zeitzeugen, die in ihrem Leben insgesamt f\u00fcnf W\u00e4hrungsumstellungen miterlebt haben. Ein Zeitzeuge hat mir berichtet von der Reichsmark, den Besatzungsfranken, den franz\u00f6sischen Francs. Aufgrund dieser Informationen habe ich recherchiert und ich will beginnen mit der Saarabstimmung im Jahr 1935, bei der das Saargebiet per Volksabstimmung wieder in das Deutsche Reich eingegliedert wurde.  Die Quellen zitiere ich am Ende dieses Beitrages. <\/p>\n\n\n<p><\/p>\n<p><!--StartFragment--><\/p>\n\n\n<p>Nach der R\u00fcckgliederung des Saargebietes in das Deutsche Reich&nbsp; war ab 01.M\u00e4rz 1935 die <strong>Reichsmark<\/strong> die f\u00fcr unsere Region zutreffende W\u00e4hrung und zwar &nbsp;bis zum 31.12.1946.  <\/p>\n\n\n\n<p>Ab Juni  1947 bis November 1947 gab es f\u00fcr die saarl\u00e4ndische Bev\u00f6lkerung f\u00fcr kurze Zeit als \u00dcbergangsw\u00e4hrung&nbsp; die <strong>Saarmark<\/strong>.&nbsp; <\/p>\n\n\n\n<p>Vom 20.11.1947 bis&nbsp; 05.07.1959 war dann das gesetzliche Zahlungsmittel der <strong>franz\u00f6sische Franc<\/strong>; mancherorts sprach man auch vom Saarfranken. 100 frz. Franc entsprachen 0,85 DM oder umgekehrt 1 DM waren etwa 117 frz. Franc Die Zahlen allein haben allerdings wenig Aussagekraft. Ich habe mir von Zeitzeugen sagen lassen, dass ein Bergmann etwa 35.000 Franc (umgerechnet ca 150 \u20ac) monatlich verdient hat, dass 1 Kg Brot 1955 etwa 80 Franc (0,34 \u20ac), 1 Kg Schweinefleisch ca 600 Franc (2,50 \u20ac)&nbsp; und 1 Kg Kaffee knapp 3.000 Franc (13 \u20ac) gekostet haben.<\/p>\n\n\n\n<p> 1957 wurde das Saargebiet dann&nbsp; in die Bundesrepublik Deutschland eingegliedert. Die W\u00e4hrungsumstellung vom franz\u00f6sischen Franc in <strong>D-Mark<\/strong> erfolgte am&nbsp; 06.07.1959. Das war der Tag, der in die Geschichtsb\u00fccher unserer Region als der Tag X eingegangen ist.&nbsp; &nbsp;Und diese W\u00e4hrung behielten wir dann bis zum 31.12.2001, also insgesamt fast 43  Jahre lang, so lange wie keine andere der hier beschriebenen W\u00e4hrungen.  <br \/>Zum Tag X im Saarland an dieser Stelle ein Hinweis auf eine sehr interessante Internetseite<br \/><a href=\"http:\/\/www.saar-nostalgie.de\/Saar-Geld.htm\">http:\/\/www.saar-nostalgie.de\/Saar-Geld.htm .&nbsp;<\/a> <\/p>\n\n\n\n<p>Seit 01.01.2002 ist unser Zahlungsmittel der <strong>Euro<\/strong>, aber nicht nur <strong>unser<\/strong> Zahlungsmittel. Der Euro &#8211; derName sagt es schon &#8211; ist eine europ\u00e4ische W\u00e4hrung, die in den meisten L\u00e4ndern, die zur EU geh\u00f6ren an diesem 01.01.2002 eingef\u00fchrt wurde. 1,95583 DM sind 1 Euro oder umgekehrt 0,5103 Euro sind 1 DM.<\/p>\n\n\n\n<p><\/p>\n\n\n\n<blockquote class=\"wp-block-quote is-layout-flow wp-block-quote-is-layout-flow\"><p>Quellen: <\/p><p><a href=\"http:\/\/www.saar-nostalgie.de\/Saar-Geld.htm\">http:\/\/www.saar-nostalgie.de\/Saar-Geld.htm<\/a><\/p><p><a href=\"https:\/\/www.was-war-wann.de\/historische_werte\">https:\/\/www.was-war-wann.de\/historische_werte<\/a><\/p><p><\/p><\/blockquote>\n\n\n\n<p><\/p>\n\n\n<p><!--EndFragment--><\/p>\n<p><\/p><div class=\"shariff shariff-align-flex-start shariff-widget-align-flex-start\"><ul class=\"shariff-buttons theme-round orientation-horizontal buttonsize-medium\"><li class=\"shariff-button mailto shariff-nocustomcolor\" style=\"background-color:#a8a8a8\"><a href=\"mailto:?body=https%3A%2F%2Funser-aschbach.de%2Fstaging2025%2Fwie-war-das-noch-damals%2Fwaehrungen-in-unserem-ort-nach-dem-2-weltkrieg%2F&subject=W%C3%A4hrungen%20in%20unserem%20Ort%20nach%20dem%202.%20Weltkrieg\" title=\"Per E-Mail versenden\" aria-label=\"Per E-Mail versenden\" role=\"button\" rel=\"noopener nofollow\" class=\"shariff-link\" style=\"; background-color:#999; color:#fff\"><span class=\"shariff-icon\" style=\"\"><svg width=\"32px\" height=\"20px\" xmlns=\"http:\/\/www.w3.org\/2000\/svg\" viewBox=\"0 0 32 32\"><path fill=\"#999\" d=\"M32 12.7v14.2q0 1.2-0.8 2t-2 0.9h-26.3q-1.2 0-2-0.9t-0.8-2v-14.2q0.8 0.9 1.8 1.6 6.5 4.4 8.9 6.1 1 0.8 1.6 1.2t1.7 0.9 2 0.4h0.1q0.9 0 2-0.4t1.7-0.9 1.6-1.2q3-2.2 8.9-6.1 1-0.7 1.8-1.6zM32 7.4q0 1.4-0.9 2.7t-2.2 2.2q-6.7 4.7-8.4 5.8-0.2 0.1-0.7 0.5t-1 0.7-0.9 0.6-1.1 0.5-0.9 0.2h-0.1q-0.4 0-0.9-0.2t-1.1-0.5-0.9-0.6-1-0.7-0.7-0.5q-1.6-1.1-4.7-3.2t-3.6-2.6q-1.1-0.7-2.1-2t-1-2.5q0-1.4 0.7-2.3t2.1-0.9h26.3q1.2 0 2 0.8t0.9 2z\"\/><\/svg><\/span><\/a><\/li><li class=\"shariff-button facebook shariff-nocustomcolor\" style=\"background-color:#4273c8\"><a href=\"https:\/\/www.facebook.com\/sharer\/sharer.php?u=https%3A%2F%2Funser-aschbach.de%2Fstaging2025%2Fwie-war-das-noch-damals%2Fwaehrungen-in-unserem-ort-nach-dem-2-weltkrieg%2F\" title=\"Bei Facebook teilen\" aria-label=\"Bei Facebook teilen\" role=\"button\" rel=\"nofollow\" class=\"shariff-link\" style=\"; background-color:#3b5998; color:#fff\" target=\"_blank\"><span class=\"shariff-icon\" style=\"\"><svg width=\"32px\" height=\"20px\" xmlns=\"http:\/\/www.w3.org\/2000\/svg\" viewBox=\"0 0 18 32\"><path fill=\"#3b5998\" d=\"M17.1 0.2v4.7h-2.8q-1.5 0-2.1 0.6t-0.5 1.9v3.4h5.2l-0.7 5.3h-4.5v13.6h-5.5v-13.6h-4.5v-5.3h4.5v-3.9q0-3.3 1.9-5.2t5-1.8q2.6 0 4.1 0.2z\"\/><\/svg><\/span><\/a><\/li><li class=\"shariff-button whatsapp shariff-nocustomcolor\" style=\"background-color:#5cbe4a\"><a href=\"https:\/\/api.whatsapp.com\/send?text=https%3A%2F%2Funser-aschbach.de%2Fstaging2025%2Fwie-war-das-noch-damals%2Fwaehrungen-in-unserem-ort-nach-dem-2-weltkrieg%2F%20W%C3%A4hrungen%20in%20unserem%20Ort%20nach%20dem%202.%20Weltkrieg\" title=\"Bei Whatsapp teilen\" aria-label=\"Bei Whatsapp teilen\" role=\"button\" rel=\"noopener nofollow\" class=\"shariff-link\" style=\"; background-color:#34af23; color:#fff\" target=\"_blank\"><span class=\"shariff-icon\" style=\"\"><svg width=\"32px\" height=\"20px\" xmlns=\"http:\/\/www.w3.org\/2000\/svg\" viewBox=\"0 0 32 32\"><path fill=\"#34af23\" d=\"M17.6 17.4q0.2 0 1.7 0.8t1.6 0.9q0 0.1 0 0.3 0 0.6-0.3 1.4-0.3 0.7-1.3 1.2t-1.8 0.5q-1 0-3.4-1.1-1.7-0.8-3-2.1t-2.6-3.3q-1.3-1.9-1.3-3.5v-0.1q0.1-1.6 1.3-2.8 0.4-0.4 0.9-0.4 0.1 0 0.3 0t0.3 0q0.3 0 0.5 0.1t0.3 0.5q0.1 0.4 0.6 1.6t0.4 1.3q0 0.4-0.6 1t-0.6 0.8q0 0.1 0.1 0.3 0.6 1.3 1.8 2.4 1 0.9 2.7 1.8 0.2 0.1 0.4 0.1 0.3 0 1-0.9t0.9-0.9zM14 26.9q2.3 0 4.3-0.9t3.6-2.4 2.4-3.6 0.9-4.3-0.9-4.3-2.4-3.6-3.6-2.4-4.3-0.9-4.3 0.9-3.6 2.4-2.4 3.6-0.9 4.3q0 3.6 2.1 6.6l-1.4 4.2 4.3-1.4q2.8 1.9 6.2 1.9zM14 2.2q2.7 0 5.2 1.1t4.3 2.9 2.9 4.3 1.1 5.2-1.1 5.2-2.9 4.3-4.3 2.9-5.2 1.1q-3.5 0-6.5-1.7l-7.4 2.4 2.4-7.2q-1.9-3.2-1.9-6.9 0-2.7 1.1-5.2t2.9-4.3 4.3-2.9 5.2-1.1z\"\/><\/svg><\/span><\/a><\/li><\/ul><\/div>","protected":false},"excerpt":{"rendered":"<p>Eines der ersten Ereignisse, an das ich mich heute noch sehr gut erinnern kann, war im Jahr 1959 die Umstellung der damaligen W\u00e4hrung &#8222;franz\u00f6sische Franc&#8220; auf die D-Mark im Jahr 1959. F\u00fcr mich waren die neuen M\u00fcnzen&nbsp; &#8211; so meine Erinnerung-&nbsp; viel sch\u00f6ner, schwerer, gl\u00e4nzender &#8211; kurzum wertvoller als die&nbsp; franz\u00f6sischen Franc.&nbsp; In Aschbach leben&#8230;<\/p>\n<p> <a class=\"continue-reading-link\" href=\"https:\/\/unser-aschbach.de\/staging2025\/wie-war-das-noch-damals\/waehrungen-in-unserem-ort-nach-dem-2-weltkrieg\/\"><span>weiterlesen<\/span><i class=\"crycon-right-dir\"><\/i><\/a> <\/p>\n","protected":false},"author":1,"featured_media":0,"parent":2415,"menu_order":1,"comment_status":"closed","ping_status":"closed","template":"","meta":{"jetpack_post_was_ever_published":false,"footnotes":""},"class_list":["post-2905","page","type-page","status-publish","hentry"],"jetpack_shortlink":"https:\/\/wp.me\/PggZrZ-KR","jetpack-related-posts":[{"id":2415,"url":"https:\/\/unser-aschbach.de\/staging2025\/wie-war-das-noch-damals\/","url_meta":{"origin":2905,"position":0},"title":"Wie war das noch damals?","author":"Someone","date":"23. Dezember 2018","format":false,"excerpt":"Diese neue Seite auf unserer Website m\u00f6chte ich nach und nach mit Erinnerungen an die sp\u00e4ten f\u00fcnfziger Jahre sowie die sechziger Jahre\u00a0 des vorigen Jahrhunderts f\u00fcllen.\u00a0 Es sind meist subjektive Berichte, wahrgenommen als Kind\u00a0 und so wiedergegeben, wie sie mir heute noch in Erinnerung sind. Gerne nehme ich Korrekturen und\u2026","rel":"","context":"\u00c4hnlicher Beitrag","block_context":{"text":"\u00c4hnlicher Beitrag","link":""},"img":{"alt_text":"","src":"https:\/\/i0.wp.com\/unser-aschbach.de\/staging2025\/wp-content\/uploads\/2014\/12\/Aschbach-1946_bearbeitet.jpg?fit=1200%2C781&ssl=1&resize=350%2C200","width":350,"height":200,"srcset":"https:\/\/i0.wp.com\/unser-aschbach.de\/staging2025\/wp-content\/uploads\/2014\/12\/Aschbach-1946_bearbeitet.jpg?fit=1200%2C781&ssl=1&resize=350%2C200 1x, https:\/\/i0.wp.com\/unser-aschbach.de\/staging2025\/wp-content\/uploads\/2014\/12\/Aschbach-1946_bearbeitet.jpg?fit=1200%2C781&ssl=1&resize=525%2C300 1.5x, https:\/\/i0.wp.com\/unser-aschbach.de\/staging2025\/wp-content\/uploads\/2014\/12\/Aschbach-1946_bearbeitet.jpg?fit=1200%2C781&ssl=1&resize=700%2C400 2x, https:\/\/i0.wp.com\/unser-aschbach.de\/staging2025\/wp-content\/uploads\/2014\/12\/Aschbach-1946_bearbeitet.jpg?fit=1200%2C781&ssl=1&resize=1050%2C600 3x"},"classes":[]},{"id":334,"url":"https:\/\/unser-aschbach.de\/staging2025\/unser-ort\/geschichtlicher-rueckblick-3\/","url_meta":{"origin":2905,"position":1},"title":"Geschichtlicher R\u00fcckblick","author":"Someone","date":"13. November 2014","format":false,"excerpt":"Das Dorf Aschbach mit dem Weiler Henselhofen geh\u00f6rte bis zur Franz\u00f6sischen Revolution zur Schicksalsgemeinschaft der Orte um den Schaumberg, die zur Abtei Tholey geh\u00f6rten. Dieses 634 n. Chr. erstmals genannte Kloster ist das \u00e4lteste urkundlich belegte Kloster in Deutschland. Aus der Schirmherrschaft der Grafen von Blieskastel, die Ende des 13.\u2026","rel":"","context":"\u00c4hnlicher Beitrag","block_context":{"text":"\u00c4hnlicher Beitrag","link":""},"img":{"alt_text":"","src":"https:\/\/i0.wp.com\/unser-aschbach.de\/staging2025\/wp-content\/uploads\/2014\/11\/Aschbach-1946.jpg?fit=1200%2C781&ssl=1&resize=350%2C200","width":350,"height":200,"srcset":"https:\/\/i0.wp.com\/unser-aschbach.de\/staging2025\/wp-content\/uploads\/2014\/11\/Aschbach-1946.jpg?fit=1200%2C781&ssl=1&resize=350%2C200 1x, https:\/\/i0.wp.com\/unser-aschbach.de\/staging2025\/wp-content\/uploads\/2014\/11\/Aschbach-1946.jpg?fit=1200%2C781&ssl=1&resize=525%2C300 1.5x, https:\/\/i0.wp.com\/unser-aschbach.de\/staging2025\/wp-content\/uploads\/2014\/11\/Aschbach-1946.jpg?fit=1200%2C781&ssl=1&resize=700%2C400 2x, https:\/\/i0.wp.com\/unser-aschbach.de\/staging2025\/wp-content\/uploads\/2014\/11\/Aschbach-1946.jpg?fit=1200%2C781&ssl=1&resize=1050%2C600 3x"},"classes":[]},{"id":982,"url":"https:\/\/unser-aschbach.de\/staging2025\/fotoalbum\/wer-kann-sich-erinnern\/","url_meta":{"origin":2905,"position":2},"title":"Wer kann sich erinnern&#8230;","author":"Someone","date":"12. Februar 2015","format":false,"excerpt":"Auf dieser Seite stelle ich alte Fotos ein, zu denen es noch Informationsbedarf gibt. Wenn jemand zu den Bildern etwas weiss, w\u00e4re es toll, diese Informationen mitzuteilen - entweder als Kommentar zu diesem Beitrag oder \u00fcber das Kontaktformular. \u00a0 Dieses Foto stammt aus dem Jahre 1955. Wenn man das Bild\u2026","rel":"","context":"Mit 2 Kommentaren","block_context":{"text":"Mit 2 Kommentaren","link":"https:\/\/unser-aschbach.de\/staging2025\/fotoalbum\/wer-kann-sich-erinnern\/#comments"},"img":{"alt_text":"","src":"https:\/\/i0.wp.com\/unser-aschbach.de\/staging2025\/wp-content\/uploads\/2015\/02\/Ansicht-Kirche.jpg?resize=350%2C200","width":350,"height":200,"srcset":"https:\/\/i0.wp.com\/unser-aschbach.de\/staging2025\/wp-content\/uploads\/2015\/02\/Ansicht-Kirche.jpg?resize=350%2C200 1x, https:\/\/i0.wp.com\/unser-aschbach.de\/staging2025\/wp-content\/uploads\/2015\/02\/Ansicht-Kirche.jpg?resize=525%2C300 1.5x, https:\/\/i0.wp.com\/unser-aschbach.de\/staging2025\/wp-content\/uploads\/2015\/02\/Ansicht-Kirche.jpg?resize=700%2C400 2x, https:\/\/i0.wp.com\/unser-aschbach.de\/staging2025\/wp-content\/uploads\/2015\/02\/Ansicht-Kirche.jpg?resize=1050%2C600 3x"},"classes":[]},{"id":1024,"url":"https:\/\/unser-aschbach.de\/staging2025\/obst-und-gartenbauverein-aschbach\/","url_meta":{"origin":2905,"position":3},"title":"Obst- und Gartenbauverein Aschbach","author":"Someone","date":"22. Februar 2015","format":false,"excerpt":"Die Gr\u00fcndung des Obst- und Gartenbauvereines erfolgte im Jahr 1911 im damaligen Gasthaus \u201eBohlen Marei K\u00e4tt\u201c. 20 Aschbacher B\u00fcrger fanden sich zur Gr\u00fcndungsversammlung ein. Sie w\u00e4hlten Johann Klein zu ihrem Vorsitzenden. Weitere Vorstandsmitglieder waren: Johann Wilhelm, Johann Braun, Johann Wagner, Nikolaus Wagner und Johann Sch\u00e4fer. Wie bei allen einheimischen Vereinen\u2026","rel":"","context":"\u00c4hnlicher Beitrag","block_context":{"text":"\u00c4hnlicher Beitrag","link":""},"img":{"alt_text":"","src":"https:\/\/i0.wp.com\/unser-aschbach.de\/staging2025\/wp-content\/uploads\/2015\/02\/Bild-3-e1424629475130.jpg?fit=1200%2C333&ssl=1&resize=350%2C200","width":350,"height":200,"srcset":"https:\/\/i0.wp.com\/unser-aschbach.de\/staging2025\/wp-content\/uploads\/2015\/02\/Bild-3-e1424629475130.jpg?fit=1200%2C333&ssl=1&resize=350%2C200 1x, https:\/\/i0.wp.com\/unser-aschbach.de\/staging2025\/wp-content\/uploads\/2015\/02\/Bild-3-e1424629475130.jpg?fit=1200%2C333&ssl=1&resize=525%2C300 1.5x, https:\/\/i0.wp.com\/unser-aschbach.de\/staging2025\/wp-content\/uploads\/2015\/02\/Bild-3-e1424629475130.jpg?fit=1200%2C333&ssl=1&resize=700%2C400 2x, https:\/\/i0.wp.com\/unser-aschbach.de\/staging2025\/wp-content\/uploads\/2015\/02\/Bild-3-e1424629475130.jpg?fit=1200%2C333&ssl=1&resize=1050%2C600 3x"},"classes":[]},{"id":3091,"url":"https:\/\/unser-aschbach.de\/staging2025\/wie-war-das-noch-damals\/ueber-das-telefonieren\/","url_meta":{"origin":2905,"position":4},"title":"\u00dcber das Telefonieren","author":"Someone","date":"23. Dezember 2018","format":false,"excerpt":"Die Poststellen, es gab sie damals noch in jedem Ort, waren die offiziellen Anlaufstellen zum Telefonieren. Man meldete am Postschalter ein Gespr\u00e4ch an, bekam dann eine Telefonzelle zugeteilt, und f\u00fchrte\u00a0 sein Telefonat. Dar\u00fcberhinaus gab es einige Haushalte in Aschbach- meist Gesch\u00e4ftsleute - , die schon einen eigenen Telefonanschluss besa\u00dfen.\u00a0 Wenn\u2026","rel":"","context":"\u00c4hnlicher Beitrag","block_context":{"text":"\u00c4hnlicher Beitrag","link":""},"img":{"alt_text":"","src":"https:\/\/i0.wp.com\/unser-aschbach.de\/staging2025\/wp-content\/uploads\/2018\/12\/letzte-Telefonzelle.jpg?fit=686%2C457&ssl=1&resize=350%2C200","width":350,"height":200,"srcset":"https:\/\/i0.wp.com\/unser-aschbach.de\/staging2025\/wp-content\/uploads\/2018\/12\/letzte-Telefonzelle.jpg?fit=686%2C457&ssl=1&resize=350%2C200 1x, https:\/\/i0.wp.com\/unser-aschbach.de\/staging2025\/wp-content\/uploads\/2018\/12\/letzte-Telefonzelle.jpg?fit=686%2C457&ssl=1&resize=525%2C300 1.5x"},"classes":[]},{"id":840,"url":"https:\/\/unser-aschbach.de\/staging2025\/alte-haeuser-und-gebaeude\/","url_meta":{"origin":2905,"position":5},"title":"Alte H\u00e4user und Geb\u00e4ude","author":"Someone","date":"22. Januar 2015","format":false,"excerpt":"Die nachfolgende Fotogalerie zeigt (von links) Bild 1 - das urspr\u00fcngliche\u00a0Gesch\u00e4ftshaus von Karl Conrad in der Br\u00fcmburgstra\u00dfe; Bild 2 - im Hintergrund das umgebaute Gesch\u00e4ftshaus\u00a0von Karl Konrad; im Vordergrund das \u00a0ehemalige\u00a0 Haus von Philipp Stre\u00dfer (\"Hunjes Philipp\"), von der Waldstra\u00dfe aus gesehen. Bild 3 - im Hintergrund das ehemalige Haus\u2026","rel":"","context":"\u00c4hnlicher Beitrag","block_context":{"text":"\u00c4hnlicher Beitrag","link":""},"img":{"alt_text":"","src":"https:\/\/i0.wp.com\/unser-aschbach.de\/staging2025\/wp-content\/uploads\/2015\/01\/Altes-Haus-Conrad.jpg?resize=350%2C200","width":350,"height":200,"srcset":"https:\/\/i0.wp.com\/unser-aschbach.de\/staging2025\/wp-content\/uploads\/2015\/01\/Altes-Haus-Conrad.jpg?resize=350%2C200 1x, https:\/\/i0.wp.com\/unser-aschbach.de\/staging2025\/wp-content\/uploads\/2015\/01\/Altes-Haus-Conrad.jpg?resize=525%2C300 1.5x, https:\/\/i0.wp.com\/unser-aschbach.de\/staging2025\/wp-content\/uploads\/2015\/01\/Altes-Haus-Conrad.jpg?resize=700%2C400 2x, https:\/\/i0.wp.com\/unser-aschbach.de\/staging2025\/wp-content\/uploads\/2015\/01\/Altes-Haus-Conrad.jpg?resize=1050%2C600 3x"},"classes":[]}],"jetpack_sharing_enabled":true,"_links":{"self":[{"href":"https:\/\/unser-aschbach.de\/staging2025\/wp-json\/wp\/v2\/pages\/2905","targetHints":{"allow":["GET"]}}],"collection":[{"href":"https:\/\/unser-aschbach.de\/staging2025\/wp-json\/wp\/v2\/pages"}],"about":[{"href":"https:\/\/unser-aschbach.de\/staging2025\/wp-json\/wp\/v2\/types\/page"}],"author":[{"embeddable":true,"href":"https:\/\/unser-aschbach.de\/staging2025\/wp-json\/wp\/v2\/users\/1"}],"replies":[{"embeddable":true,"href":"https:\/\/unser-aschbach.de\/staging2025\/wp-json\/wp\/v2\/comments?post=2905"}],"version-history":[{"count":12,"href":"https:\/\/unser-aschbach.de\/staging2025\/wp-json\/wp\/v2\/pages\/2905\/revisions"}],"predecessor-version":[{"id":3304,"href":"https:\/\/unser-aschbach.de\/staging2025\/wp-json\/wp\/v2\/pages\/2905\/revisions\/3304"}],"up":[{"embeddable":true,"href":"https:\/\/unser-aschbach.de\/staging2025\/wp-json\/wp\/v2\/pages\/2415"}],"wp:attachment":[{"href":"https:\/\/unser-aschbach.de\/staging2025\/wp-json\/wp\/v2\/media?parent=2905"}],"curies":[{"name":"wp","href":"https:\/\/api.w.org\/{rel}","templated":true}]}}