{"id":1024,"date":"2015-02-22T21:02:54","date_gmt":"2015-02-22T20:02:54","guid":{"rendered":"https:\/\/unser-aschbach.de\/staging2025\/?page_id=1024"},"modified":"2015-02-23T18:48:21","modified_gmt":"2015-02-23T17:48:21","slug":"obst-und-gartenbauverein-aschbach","status":"publish","type":"page","link":"https:\/\/unser-aschbach.de\/staging2025\/obst-und-gartenbauverein-aschbach\/","title":{"rendered":"Obst- und Gartenbauverein Aschbach"},"content":{"rendered":"<p><a href=\"https:\/\/i0.wp.com\/unser-aschbach.de\/staging2025\/wp-content\/uploads\/2015\/02\/OGV23022015.jpg?ssl=1\"><img data-recalc-dims=\"1\" decoding=\"async\" data-attachment-id=\"1079\" data-permalink=\"https:\/\/unser-aschbach.de\/staging2025\/obst-und-gartenbauverein-aschbach\/ogv23022015\/\" data-orig-file=\"https:\/\/i0.wp.com\/unser-aschbach.de\/staging2025\/wp-content\/uploads\/2015\/02\/OGV23022015.jpg?fit=1200%2C1170&amp;ssl=1\" data-orig-size=\"1200,1170\" data-comments-opened=\"1\" data-image-meta=\"{&quot;aperture&quot;:&quot;0&quot;,&quot;credit&quot;:&quot;&quot;,&quot;camera&quot;:&quot;&quot;,&quot;caption&quot;:&quot;&quot;,&quot;created_timestamp&quot;:&quot;0&quot;,&quot;copyright&quot;:&quot;&quot;,&quot;focal_length&quot;:&quot;0&quot;,&quot;iso&quot;:&quot;0&quot;,&quot;shutter_speed&quot;:&quot;0&quot;,&quot;title&quot;:&quot;&quot;,&quot;orientation&quot;:&quot;0&quot;}\" data-image-title=\"OGV23022015\" data-image-description=\"\" data-image-caption=\"\" data-medium-file=\"https:\/\/i0.wp.com\/unser-aschbach.de\/staging2025\/wp-content\/uploads\/2015\/02\/OGV23022015.jpg?fit=300%2C293&amp;ssl=1\" data-large-file=\"https:\/\/i0.wp.com\/unser-aschbach.de\/staging2025\/wp-content\/uploads\/2015\/02\/OGV23022015.jpg?fit=900%2C878&amp;ssl=1\" class=\"  wp-image-1079 aligncenter\" src=\"https:\/\/i0.wp.com\/unser-aschbach.de\/staging2025\/wp-content\/uploads\/2015\/02\/OGV23022015.jpg?resize=229%2C224&#038;ssl=1\" alt=\"OGV23022015\" width=\"229\" height=\"224\" srcset=\"https:\/\/i0.wp.com\/unser-aschbach.de\/staging2025\/wp-content\/uploads\/2015\/02\/OGV23022015.jpg?resize=300%2C293&amp;ssl=1 300w, https:\/\/i0.wp.com\/unser-aschbach.de\/staging2025\/wp-content\/uploads\/2015\/02\/OGV23022015.jpg?resize=1024%2C999&amp;ssl=1 1024w, https:\/\/i0.wp.com\/unser-aschbach.de\/staging2025\/wp-content\/uploads\/2015\/02\/OGV23022015.jpg?w=1200&amp;ssl=1 1200w\" sizes=\"(max-width: 229px) 100vw, 229px\" \/><\/a><\/p>\n<p>Die Gr\u00fcndung des Obst- und Gartenbauvereines erfolgte im Jahr 1911 im damaligen Gasthaus \u201eBohlen Marei K\u00e4tt\u201c. 20 Aschbacher B\u00fcrger fanden sich zur Gr\u00fcndungsversammlung ein. Sie w\u00e4hlten Johann Klein zu ihrem Vorsitzenden. Weitere Vorstandsmitglieder waren: Johann Wilhelm, Johann Braun, Johann Wagner, Nikolaus Wagner und Johann Sch\u00e4fer.<br \/>\nWie bei allen einheimischen Vereinen ruhte auch beim Obst- und Gartenbauverein das Vereinsleben im 2. Weltkrieg fast v\u00f6llig.<br \/>\nDer Neubeginn nach dem 2. Weltkrieg erfolgte in einer Versammlung am 28. August 1947 im Gasthaus \u201eBohlen Dina\u201c. 40 Aschbacher B\u00fcrger waren bei der Versammlung anwesend. Die Hauptinitiatoren waren: Willibord Werth, Josef Schirra, Karl Klein, Anna Braun, Matthias Wei\u00dfgerber, Alois Thewes, Karl Breyer und Ludwig Warken. Die Versammlung w\u00e4hlte Peter Bohlen zu ihrem 1. Vorsitzenden. Weitere Vorstandsmitglieder waren: Alban Sch\u00e4fer, Peter Klein, Alban Bauer, Josef Klein, Alois Heinrich und August Thewes.<\/p>\n<p>In den folgenden Jahren wurde der Umweltgedanke wieder aufgegriffen. Es fanden Schnittkurse, Obst- und Gem\u00fcseausstellungen, Lehrfahrten und Erntedankfeste statt. Im Jahre 1955 wurde dann zur Obstverwertung eine Kelteranlage angeschafft. 1959 bis 1961 erbaute man auf dem Marktplatz das Kelterhaus mit angebauter Tiefk\u00fchlanlage. 58 Tiefk\u00fchlf\u00e4cher standen nun den Vereinsmitgliedern zur Verf\u00fcgung.<br \/>\nEine neu angeschaffte S\u00fc\u00dfmostanlage konnte man 1972 in Betrieb nehmen. In den 70er und 80er Jahren wurden neben dem Obst- und Gartenbau, der Obstverwertung auch die Ortsversch\u00f6nerung ins Programm genommen. Die Stilllegung der Kelteranlage erfolgte im Jahre 1974. Als Ersatz f\u00fcr die Kelteranlage begann man im Jahre 1978 mit dem Obstumtausch in Zusammenarbeit mit der Merziger S\u00fc\u00dfmosterei.<\/p>\n<p>1996 erfolgte der Abriss des Kelterhauses mit der Tiefk\u00fchlanlage zu Gunsten eines neuen Kindergartens auf dem Marktplatz in Aschbach.<\/p>\n<p>Heute pr\u00e4sentiert sich der Obst- und Gartenbauverein mit j\u00e4hrlichen Vortr\u00e4gen in den Vereinsr\u00e4umen \u00a0und dem Obstumtausch auf dem Marktplatz.<\/p>\n<p>Der Pfarrgemeinde wird j\u00e4hrlich zum Erntedankfest die Erntekrone zur Verf\u00fcgung gestellt.<\/p>\n<p>In der Vergangenheit hat sich der Obst- und Gartenbauverein auch immer bei der Kinderferienaktion eingebracht.<\/p>\n<p>Im Fotoalbum unserer Internetseite finden sie \u00fcber den \u00a0Obst- und Gartenbauverein\u00a0eine weitere Bildergalerie.<\/p>\n<p><a href=\"https:\/\/unser-aschbach.de\/staging2025\/fotoalbum\/bilder-obst-und-gartenbauverein\/\">https:\/\/unser-aschbach.de\/staging2025\/fotoalbum\/bilder-obst-und-gartenbauverein\/<\/a><\/p>\n<p>&nbsp;<\/p>\n<p>&nbsp;<\/p>\n<p>Ansprechpartner:<br \/>\n1. Vorsitzender &#8211; Hans-Peter Gro\u00df<br \/>\nTel.: 06881\/80312<\/p>\n<div class=\"tiled-gallery type-rectangular tiled-gallery-unresized\" data-original-width=\"900\" data-carousel-extra='{&quot;blog_id&quot;:1,&quot;permalink&quot;:&quot;https:\\\/\\\/unser-aschbach.de\\\/staging2025\\\/obst-und-gartenbauverein-aschbach\\\/&quot;,&quot;likes_blog_id&quot;:240470843}' itemscope itemtype=\"http:\/\/schema.org\/ImageGallery\" > <div class=\"gallery-row\" style=\"width: 900px; height: 633px;\" data-original-width=\"900\" data-original-height=\"633\" > <div class=\"gallery-group images-1\" style=\"width: 436px; height: 633px;\" data-original-width=\"436\" data-original-height=\"633\" > <div class=\"tiled-gallery-item tiled-gallery-item-large\" itemprop=\"associatedMedia\" itemscope itemtype=\"http:\/\/schema.org\/ImageObject\"> <a href=\"https:\/\/unser-aschbach.de\/staging2025\/obst-und-gartenbauverein-aschbach\/vorstand-ogl\/\" border=\"0\" itemprop=\"url\"> <meta itemprop=\"width\" content=\"432\"> <meta itemprop=\"height\" content=\"629\"> <img decoding=\"async\" class=\"\" data-attachment-id=\"1029\" data-orig-file=\"https:\/\/unser-aschbach.de\/staging2025\/wp-content\/uploads\/2015\/02\/Vorstand-OGL.jpg\" data-orig-size=\"824,1200\" data-comments-opened=\"1\" data-image-meta=\"{&quot;aperture&quot;:&quot;0&quot;,&quot;credit&quot;:&quot;&quot;,&quot;camera&quot;:&quot;&quot;,&quot;caption&quot;:&quot;&quot;,&quot;created_timestamp&quot;:&quot;0&quot;,&quot;copyright&quot;:&quot;&quot;,&quot;focal_length&quot;:&quot;0&quot;,&quot;iso&quot;:&quot;0&quot;,&quot;shutter_speed&quot;:&quot;0&quot;,&quot;title&quot;:&quot;&quot;,&quot;orientation&quot;:&quot;0&quot;}\" data-image-title=\"Vorstand OGL\" data-image-description=\"\" data-medium-file=\"https:\/\/i0.wp.com\/unser-aschbach.de\/staging2025\/wp-content\/uploads\/2015\/02\/Vorstand-OGL.jpg?fit=206%2C300&#038;ssl=1\" data-large-file=\"https:\/\/i0.wp.com\/unser-aschbach.de\/staging2025\/wp-content\/uploads\/2015\/02\/Vorstand-OGL.jpg?fit=703%2C1024&#038;ssl=1\" src=\"https:\/\/i0.wp.com\/unser-aschbach.de\/staging2025\/wp-content\/uploads\/2015\/02\/Vorstand-OGL.jpg?w=432&#038;h=629&#038;ssl=1\" srcset=\"https:\/\/i0.wp.com\/unser-aschbach.de\/staging2025\/wp-content\/uploads\/2015\/02\/Vorstand-OGL.jpg?w=824&amp;ssl=1 824w, https:\/\/i0.wp.com\/unser-aschbach.de\/staging2025\/wp-content\/uploads\/2015\/02\/Vorstand-OGL.jpg?resize=206%2C300&amp;ssl=1 206w, https:\/\/i0.wp.com\/unser-aschbach.de\/staging2025\/wp-content\/uploads\/2015\/02\/Vorstand-OGL.jpg?resize=703%2C1024&amp;ssl=1 703w\" width=\"432\" height=\"629\" loading=\"lazy\" data-original-width=\"432\" data-original-height=\"629\" itemprop=\"http:\/\/schema.org\/image\" title=\"Vorstand OGL\" alt=\"Der Vorstand am 16.10.1947\" style=\"width: 432px; height: 629px;\" \/> <\/a> <div class=\"tiled-gallery-caption\" itemprop=\"caption description\"> Der Vorstand am 16.10.1947 <\/div> <\/div> <\/div> <!-- close group --> <div class=\"gallery-group images-2\" style=\"width: 464px; height: 633px;\" data-original-width=\"464\" data-original-height=\"633\" > <div class=\"tiled-gallery-item tiled-gallery-item-large\" itemprop=\"associatedMedia\" itemscope itemtype=\"http:\/\/schema.org\/ImageObject\"> <a href=\"https:\/\/unser-aschbach.de\/staging2025\/obst-und-gartenbauverein-aschbach\/ogl_3\/\" border=\"0\" itemprop=\"url\"> <meta itemprop=\"width\" content=\"460\"> <meta itemprop=\"height\" content=\"308\"> <img decoding=\"async\" class=\"\" data-attachment-id=\"1028\" data-orig-file=\"https:\/\/unser-aschbach.de\/staging2025\/wp-content\/uploads\/2015\/02\/OGL_3.jpg\" data-orig-size=\"1200,805\" data-comments-opened=\"1\" data-image-meta=\"{&quot;aperture&quot;:&quot;0&quot;,&quot;credit&quot;:&quot;&quot;,&quot;camera&quot;:&quot;&quot;,&quot;caption&quot;:&quot;&quot;,&quot;created_timestamp&quot;:&quot;0&quot;,&quot;copyright&quot;:&quot;&quot;,&quot;focal_length&quot;:&quot;0&quot;,&quot;iso&quot;:&quot;0&quot;,&quot;shutter_speed&quot;:&quot;0&quot;,&quot;title&quot;:&quot;&quot;,&quot;orientation&quot;:&quot;0&quot;}\" data-image-title=\"OGL_3\" data-image-description=\"\" data-medium-file=\"https:\/\/i0.wp.com\/unser-aschbach.de\/staging2025\/wp-content\/uploads\/2015\/02\/OGL_3.jpg?fit=300%2C201&#038;ssl=1\" data-large-file=\"https:\/\/i0.wp.com\/unser-aschbach.de\/staging2025\/wp-content\/uploads\/2015\/02\/OGL_3.jpg?fit=900%2C604&#038;ssl=1\" src=\"https:\/\/i0.wp.com\/unser-aschbach.de\/staging2025\/wp-content\/uploads\/2015\/02\/OGL_3.jpg?w=460&#038;h=308&#038;ssl=1\" srcset=\"https:\/\/i0.wp.com\/unser-aschbach.de\/staging2025\/wp-content\/uploads\/2015\/02\/OGL_3.jpg?w=1200&amp;ssl=1 1200w, https:\/\/i0.wp.com\/unser-aschbach.de\/staging2025\/wp-content\/uploads\/2015\/02\/OGL_3.jpg?resize=300%2C201&amp;ssl=1 300w, https:\/\/i0.wp.com\/unser-aschbach.de\/staging2025\/wp-content\/uploads\/2015\/02\/OGL_3.jpg?resize=1024%2C687&amp;ssl=1 1024w\" width=\"460\" height=\"308\" loading=\"lazy\" data-original-width=\"460\" data-original-height=\"308\" itemprop=\"http:\/\/schema.org\/image\" title=\"OGL_3\" alt=\"Das Kelterhaus auf dem Marktplatz vor dem Abriss 1996\" style=\"width: 460px; height: 308px;\" \/> <\/a> <div class=\"tiled-gallery-caption\" itemprop=\"caption description\"> Das Kelterhaus auf dem Marktplatz vor dem Abriss 1996 <\/div> <\/div> <div class=\"tiled-gallery-item tiled-gallery-item-large\" itemprop=\"associatedMedia\" itemscope itemtype=\"http:\/\/schema.org\/ImageObject\"> <a href=\"https:\/\/unser-aschbach.de\/staging2025\/obst-und-gartenbauverein-aschbach\/ogl_2\/\" border=\"0\" itemprop=\"url\"> <meta itemprop=\"width\" content=\"460\"> <meta itemprop=\"height\" content=\"317\"> <img decoding=\"async\" class=\"\" data-attachment-id=\"1027\" data-orig-file=\"https:\/\/unser-aschbach.de\/staging2025\/wp-content\/uploads\/2015\/02\/OGL_2.jpg\" data-orig-size=\"1751,1207\" data-comments-opened=\"1\" data-image-meta=\"{&quot;aperture&quot;:&quot;0&quot;,&quot;credit&quot;:&quot;&quot;,&quot;camera&quot;:&quot;&quot;,&quot;caption&quot;:&quot;&quot;,&quot;created_timestamp&quot;:&quot;0&quot;,&quot;copyright&quot;:&quot;&quot;,&quot;focal_length&quot;:&quot;0&quot;,&quot;iso&quot;:&quot;0&quot;,&quot;shutter_speed&quot;:&quot;0&quot;,&quot;title&quot;:&quot;&quot;,&quot;orientation&quot;:&quot;0&quot;}\" data-image-title=\"OGL_2\" data-image-description=\"\" data-medium-file=\"https:\/\/i0.wp.com\/unser-aschbach.de\/staging2025\/wp-content\/uploads\/2015\/02\/OGL_2.jpg?fit=300%2C207&#038;ssl=1\" data-large-file=\"https:\/\/i0.wp.com\/unser-aschbach.de\/staging2025\/wp-content\/uploads\/2015\/02\/OGL_2.jpg?fit=900%2C621&#038;ssl=1\" src=\"https:\/\/i0.wp.com\/unser-aschbach.de\/staging2025\/wp-content\/uploads\/2015\/02\/OGL_2.jpg?w=460&#038;h=317&#038;ssl=1\" srcset=\"https:\/\/i0.wp.com\/unser-aschbach.de\/staging2025\/wp-content\/uploads\/2015\/02\/OGL_2.jpg?w=1751&amp;ssl=1 1751w, https:\/\/i0.wp.com\/unser-aschbach.de\/staging2025\/wp-content\/uploads\/2015\/02\/OGL_2.jpg?resize=300%2C207&amp;ssl=1 300w, https:\/\/i0.wp.com\/unser-aschbach.de\/staging2025\/wp-content\/uploads\/2015\/02\/OGL_2.jpg?resize=1024%2C706&amp;ssl=1 1024w\" width=\"460\" height=\"317\" loading=\"lazy\" data-original-width=\"460\" data-original-height=\"317\" itemprop=\"http:\/\/schema.org\/image\" title=\"OGL_2\" alt=\"OGL_2\" style=\"width: 460px; height: 317px;\" \/> <\/a> <\/div> <\/div> <!-- close group --> <\/div> <!-- close row --> <\/div>\n<p>Fotos: Archiv Historischer Verein Aschbach<\/p>\n<div class=\"shariff shariff-align-flex-start shariff-widget-align-flex-start\"><ul class=\"shariff-buttons theme-round orientation-horizontal buttonsize-medium\"><li class=\"shariff-button mailto shariff-nocustomcolor\" style=\"background-color:#a8a8a8\"><a href=\"mailto:?body=https%3A%2F%2Funser-aschbach.de%2Fstaging2025%2Fobst-und-gartenbauverein-aschbach%2F&subject=Obst-%20und%20Gartenbauverein%20Aschbach\" title=\"Per E-Mail versenden\" aria-label=\"Per E-Mail versenden\" role=\"button\" rel=\"noopener nofollow\" class=\"shariff-link\" style=\"; background-color:#999; color:#fff\"><span class=\"shariff-icon\" style=\"\"><svg width=\"32px\" height=\"20px\" xmlns=\"http:\/\/www.w3.org\/2000\/svg\" viewBox=\"0 0 32 32\"><path fill=\"#999\" d=\"M32 12.7v14.2q0 1.2-0.8 2t-2 0.9h-26.3q-1.2 0-2-0.9t-0.8-2v-14.2q0.8 0.9 1.8 1.6 6.5 4.4 8.9 6.1 1 0.8 1.6 1.2t1.7 0.9 2 0.4h0.1q0.9 0 2-0.4t1.7-0.9 1.6-1.2q3-2.2 8.9-6.1 1-0.7 1.8-1.6zM32 7.4q0 1.4-0.9 2.7t-2.2 2.2q-6.7 4.7-8.4 5.8-0.2 0.1-0.7 0.5t-1 0.7-0.9 0.6-1.1 0.5-0.9 0.2h-0.1q-0.4 0-0.9-0.2t-1.1-0.5-0.9-0.6-1-0.7-0.7-0.5q-1.6-1.1-4.7-3.2t-3.6-2.6q-1.1-0.7-2.1-2t-1-2.5q0-1.4 0.7-2.3t2.1-0.9h26.3q1.2 0 2 0.8t0.9 2z\"\/><\/svg><\/span><\/a><\/li><li class=\"shariff-button facebook shariff-nocustomcolor\" style=\"background-color:#4273c8\"><a href=\"https:\/\/www.facebook.com\/sharer\/sharer.php?u=https%3A%2F%2Funser-aschbach.de%2Fstaging2025%2Fobst-und-gartenbauverein-aschbach%2F\" title=\"Bei Facebook teilen\" aria-label=\"Bei Facebook teilen\" role=\"button\" rel=\"nofollow\" class=\"shariff-link\" style=\"; background-color:#3b5998; color:#fff\" target=\"_blank\"><span class=\"shariff-icon\" style=\"\"><svg width=\"32px\" height=\"20px\" xmlns=\"http:\/\/www.w3.org\/2000\/svg\" viewBox=\"0 0 18 32\"><path fill=\"#3b5998\" d=\"M17.1 0.2v4.7h-2.8q-1.5 0-2.1 0.6t-0.5 1.9v3.4h5.2l-0.7 5.3h-4.5v13.6h-5.5v-13.6h-4.5v-5.3h4.5v-3.9q0-3.3 1.9-5.2t5-1.8q2.6 0 4.1 0.2z\"\/><\/svg><\/span><\/a><\/li><li class=\"shariff-button whatsapp shariff-nocustomcolor\" style=\"background-color:#5cbe4a\"><a href=\"https:\/\/api.whatsapp.com\/send?text=https%3A%2F%2Funser-aschbach.de%2Fstaging2025%2Fobst-und-gartenbauverein-aschbach%2F%20Obst-%20und%20Gartenbauverein%20Aschbach\" title=\"Bei Whatsapp teilen\" aria-label=\"Bei Whatsapp teilen\" role=\"button\" rel=\"noopener nofollow\" class=\"shariff-link\" style=\"; background-color:#34af23; color:#fff\" target=\"_blank\"><span class=\"shariff-icon\" style=\"\"><svg width=\"32px\" height=\"20px\" xmlns=\"http:\/\/www.w3.org\/2000\/svg\" viewBox=\"0 0 32 32\"><path fill=\"#34af23\" d=\"M17.6 17.4q0.2 0 1.7 0.8t1.6 0.9q0 0.1 0 0.3 0 0.6-0.3 1.4-0.3 0.7-1.3 1.2t-1.8 0.5q-1 0-3.4-1.1-1.7-0.8-3-2.1t-2.6-3.3q-1.3-1.9-1.3-3.5v-0.1q0.1-1.6 1.3-2.8 0.4-0.4 0.9-0.4 0.1 0 0.3 0t0.3 0q0.3 0 0.5 0.1t0.3 0.5q0.1 0.4 0.6 1.6t0.4 1.3q0 0.4-0.6 1t-0.6 0.8q0 0.1 0.1 0.3 0.6 1.3 1.8 2.4 1 0.9 2.7 1.8 0.2 0.1 0.4 0.1 0.3 0 1-0.9t0.9-0.9zM14 26.9q2.3 0 4.3-0.9t3.6-2.4 2.4-3.6 0.9-4.3-0.9-4.3-2.4-3.6-3.6-2.4-4.3-0.9-4.3 0.9-3.6 2.4-2.4 3.6-0.9 4.3q0 3.6 2.1 6.6l-1.4 4.2 4.3-1.4q2.8 1.9 6.2 1.9zM14 2.2q2.7 0 5.2 1.1t4.3 2.9 2.9 4.3 1.1 5.2-1.1 5.2-2.9 4.3-4.3 2.9-5.2 1.1q-3.5 0-6.5-1.7l-7.4 2.4 2.4-7.2q-1.9-3.2-1.9-6.9 0-2.7 1.1-5.2t2.9-4.3 4.3-2.9 5.2-1.1z\"\/><\/svg><\/span><\/a><\/li><\/ul><\/div>","protected":false},"excerpt":{"rendered":"<p>Die Gr\u00fcndung des Obst- und Gartenbauvereines erfolgte im Jahr 1911 im damaligen Gasthaus \u201eBohlen Marei K\u00e4tt\u201c. 20 Aschbacher B\u00fcrger fanden sich zur Gr\u00fcndungsversammlung ein. Sie w\u00e4hlten Johann Klein zu ihrem Vorsitzenden. Weitere Vorstandsmitglieder waren: Johann Wilhelm, Johann Braun, Johann Wagner, Nikolaus Wagner und Johann Sch\u00e4fer. Wie bei allen einheimischen Vereinen ruhte auch beim Obst- und&#8230;<\/p>\n<p> <a class=\"continue-reading-link\" href=\"https:\/\/unser-aschbach.de\/staging2025\/obst-und-gartenbauverein-aschbach\/\"><span>weiterlesen<\/span><i class=\"crycon-right-dir\"><\/i><\/a> <\/p>\n","protected":false},"author":1,"featured_media":1032,"parent":0,"menu_order":0,"comment_status":"open","ping_status":"open","template":"","meta":{"jetpack_post_was_ever_published":false,"footnotes":""},"class_list":["post-1024","page","type-page","status-publish","has-post-thumbnail","hentry"],"jetpack_shortlink":"https:\/\/wp.me\/PggZrZ-gw","jetpack-related-posts":[{"id":1071,"url":"https:\/\/unser-aschbach.de\/staging2025\/historischer-verein-aschbach-2\/","url_meta":{"origin":1024,"position":0},"title":"Historischer Verein Aschbach","author":"Someone","date":"23. Februar 2015","format":false,"excerpt":"Gegr\u00fcndet wurde der Historische Verein Aschbach auf Initiative der Arbeitsgruppe Dorfgeschichte, die im Rahmen eines Projektes \"Dorfentwicklung\" ins Leben gerufen\u00a0\u00a0wurde. Die Gr\u00fcndungsversammlung fand am 11. Januar 2009 im Nebenraum des Gasthauses Bl\u00e4ttche statt. 21 Aschbacher B\u00fcrgerinnen und B\u00fcrger waren anwesend, von denen 17 dem Verein beitraten. Unter der Versammlungsleitung des\u2026","rel":"","context":"\u00c4hnlicher Beitrag","block_context":{"text":"\u00c4hnlicher Beitrag","link":""},"img":{"alt_text":"","src":"https:\/\/i0.wp.com\/unser-aschbach.de\/staging2025\/wp-content\/uploads\/2015\/02\/Messtischblatt-1843_1878-400-e1426532342275.jpg?fit=1200%2C385&ssl=1&resize=350%2C200","width":350,"height":200,"srcset":"https:\/\/i0.wp.com\/unser-aschbach.de\/staging2025\/wp-content\/uploads\/2015\/02\/Messtischblatt-1843_1878-400-e1426532342275.jpg?fit=1200%2C385&ssl=1&resize=350%2C200 1x, https:\/\/i0.wp.com\/unser-aschbach.de\/staging2025\/wp-content\/uploads\/2015\/02\/Messtischblatt-1843_1878-400-e1426532342275.jpg?fit=1200%2C385&ssl=1&resize=525%2C300 1.5x, https:\/\/i0.wp.com\/unser-aschbach.de\/staging2025\/wp-content\/uploads\/2015\/02\/Messtischblatt-1843_1878-400-e1426532342275.jpg?fit=1200%2C385&ssl=1&resize=700%2C400 2x, https:\/\/i0.wp.com\/unser-aschbach.de\/staging2025\/wp-content\/uploads\/2015\/02\/Messtischblatt-1843_1878-400-e1426532342275.jpg?fit=1200%2C385&ssl=1&resize=1050%2C600 3x"},"classes":[]},{"id":122,"url":"https:\/\/unser-aschbach.de\/staging2025\/fotoalbum\/alte-dorfansichten\/","url_meta":{"origin":1024,"position":1},"title":"Alte Dorfansichten","author":"Someone","date":"4. Dezember 2014","format":false,"excerpt":"Stra\u00dfenansichten nach dem Ende des Zweiten Weltkrieges bis Mitte der Siebziger Jahre. (Fotos: Archiv Historischer Verein Aschbach) Die alte Theelbr\u00fccke Die urspr\u00fcngliche alte\u00a0Theelbr\u00fccke, wie sie auf nachfolgenden Fotos zu sehen ist, \u00a0wurde 1834 von Adam Caryot (1773 - 1843) erbaut. \u00a01969 musste diese\u00a0Br\u00fccke\u00a0wegen Sicherheitsm\u00e4ngeln\u00a0abgerissen werden. (Fotos: Archiv Historischer Verein Aschbach)\u2026","rel":"","context":"\u00c4hnlicher Beitrag","block_context":{"text":"\u00c4hnlicher Beitrag","link":""},"img":{"alt_text":"","src":"https:\/\/i0.wp.com\/unser-aschbach.de\/staging2025\/wp-content\/uploads\/2014\/11\/A260028.jpg?fit=1200%2C675&ssl=1&resize=350%2C200","width":350,"height":200,"srcset":"https:\/\/i0.wp.com\/unser-aschbach.de\/staging2025\/wp-content\/uploads\/2014\/11\/A260028.jpg?fit=1200%2C675&ssl=1&resize=350%2C200 1x, https:\/\/i0.wp.com\/unser-aschbach.de\/staging2025\/wp-content\/uploads\/2014\/11\/A260028.jpg?fit=1200%2C675&ssl=1&resize=525%2C300 1.5x, https:\/\/i0.wp.com\/unser-aschbach.de\/staging2025\/wp-content\/uploads\/2014\/11\/A260028.jpg?fit=1200%2C675&ssl=1&resize=700%2C400 2x, https:\/\/i0.wp.com\/unser-aschbach.de\/staging2025\/wp-content\/uploads\/2014\/11\/A260028.jpg?fit=1200%2C675&ssl=1&resize=1050%2C600 3x"},"classes":[]},{"id":1036,"url":"https:\/\/unser-aschbach.de\/staging2025\/fotoalbum\/bilder-obst-und-gartenbauverein\/","url_meta":{"origin":1024,"position":2},"title":"Bilder Obst- und Gartenbauverein","author":"Someone","date":"22. Februar 2015","format":false,"excerpt":"Sie finden \u00fcber den Obst- und Gartenbauverein Aschbach auch Informationen auf unserer Seite \"Vereine\"- https:\/\/unser-aschbach.de\/staging2025\/wp-admin\/post.php?post=1024&action=edit&message= Im Oktober 2011 konnte der Obst- und Gartenbauverein Aschbach sein 100-j\u00e4hriges Bestehen feiern. Kinderferienaktion 2010 Vereinsfahrt 1996 \u00a0 \u00a0","rel":"","context":"\u00c4hnlicher Beitrag","block_context":{"text":"\u00c4hnlicher Beitrag","link":""},"img":{"alt_text":"","src":"https:\/\/i0.wp.com\/unser-aschbach.de\/staging2025\/wp-content\/uploads\/2015\/02\/DSC_5423.jpg?resize=350%2C200","width":350,"height":200,"srcset":"https:\/\/i0.wp.com\/unser-aschbach.de\/staging2025\/wp-content\/uploads\/2015\/02\/DSC_5423.jpg?resize=350%2C200 1x, https:\/\/i0.wp.com\/unser-aschbach.de\/staging2025\/wp-content\/uploads\/2015\/02\/DSC_5423.jpg?resize=525%2C300 1.5x, https:\/\/i0.wp.com\/unser-aschbach.de\/staging2025\/wp-content\/uploads\/2015\/02\/DSC_5423.jpg?resize=700%2C400 2x, https:\/\/i0.wp.com\/unser-aschbach.de\/staging2025\/wp-content\/uploads\/2015\/02\/DSC_5423.jpg?resize=1050%2C600 3x"},"classes":[]},{"id":334,"url":"https:\/\/unser-aschbach.de\/staging2025\/unser-ort\/geschichtlicher-rueckblick-3\/","url_meta":{"origin":1024,"position":3},"title":"Geschichtlicher R\u00fcckblick","author":"Someone","date":"13. November 2014","format":false,"excerpt":"Das Dorf Aschbach mit dem Weiler Henselhofen geh\u00f6rte bis zur Franz\u00f6sischen Revolution zur Schicksalsgemeinschaft der Orte um den Schaumberg, die zur Abtei Tholey geh\u00f6rten. Dieses 634 n. Chr. erstmals genannte Kloster ist das \u00e4lteste urkundlich belegte Kloster in Deutschland. Aus der Schirmherrschaft der Grafen von Blieskastel, die Ende des 13.\u2026","rel":"","context":"\u00c4hnlicher Beitrag","block_context":{"text":"\u00c4hnlicher Beitrag","link":""},"img":{"alt_text":"","src":"https:\/\/i0.wp.com\/unser-aschbach.de\/staging2025\/wp-content\/uploads\/2014\/11\/Aschbach-1946.jpg?fit=1200%2C781&ssl=1&resize=350%2C200","width":350,"height":200,"srcset":"https:\/\/i0.wp.com\/unser-aschbach.de\/staging2025\/wp-content\/uploads\/2014\/11\/Aschbach-1946.jpg?fit=1200%2C781&ssl=1&resize=350%2C200 1x, https:\/\/i0.wp.com\/unser-aschbach.de\/staging2025\/wp-content\/uploads\/2014\/11\/Aschbach-1946.jpg?fit=1200%2C781&ssl=1&resize=525%2C300 1.5x, https:\/\/i0.wp.com\/unser-aschbach.de\/staging2025\/wp-content\/uploads\/2014\/11\/Aschbach-1946.jpg?fit=1200%2C781&ssl=1&resize=700%2C400 2x, https:\/\/i0.wp.com\/unser-aschbach.de\/staging2025\/wp-content\/uploads\/2014\/11\/Aschbach-1946.jpg?fit=1200%2C781&ssl=1&resize=1050%2C600 3x"},"classes":[]},{"id":502,"url":"https:\/\/unser-aschbach.de\/staging2025\/fotoalbum\/","url_meta":{"origin":1024,"position":4},"title":"Fotoalbum","author":"Someone","date":"26. November 2014","format":false,"excerpt":"Hinweis Auf dieser Seite ver\u00f6ffentlichen wir Fotos, die in Aschbach aufgenommen wurden und Eindr\u00fccke von unserem Ort vermitteln sollen. Wir wollen mit den Fotos \u00a0zum einen gegenw\u00e4rtige und vergangene besondere Ereignisse\u00a0festhalten, zum anderen den strukturellen Wandel, den unser Ort seit dem Ende des 2. Weltkrieges erfahren hat, dokumentieren.\u00a0\u00a0Wir sind uns\u2026","rel":"","context":"\u00c4hnlicher Beitrag","block_context":{"text":"\u00c4hnlicher Beitrag","link":""},"img":{"alt_text":"","src":"","width":0,"height":0},"classes":[]},{"id":2905,"url":"https:\/\/unser-aschbach.de\/staging2025\/wie-war-das-noch-damals\/waehrungen-in-unserem-ort-nach-dem-2-weltkrieg\/","url_meta":{"origin":1024,"position":5},"title":"W\u00e4hrungen in unserem Ort nach dem 2. Weltkrieg","author":"Someone","date":"10. Dezember 2018","format":false,"excerpt":"Eines der ersten Ereignisse, an das ich mich heute noch sehr gut erinnern kann, war im Jahr 1959 die Umstellung der damaligen W\u00e4hrung \"franz\u00f6sische Franc\" auf die D-Mark im Jahr 1959. F\u00fcr mich waren die neuen M\u00fcnzen\u00a0 - so meine Erinnerung-\u00a0 viel sch\u00f6ner, schwerer, gl\u00e4nzender - kurzum wertvoller als die\u00a0\u2026","rel":"","context":"\u00c4hnlicher Beitrag","block_context":{"text":"\u00c4hnlicher Beitrag","link":""},"img":{"alt_text":"","src":"","width":0,"height":0},"classes":[]}],"jetpack_sharing_enabled":true,"_links":{"self":[{"href":"https:\/\/unser-aschbach.de\/staging2025\/wp-json\/wp\/v2\/pages\/1024","targetHints":{"allow":["GET"]}}],"collection":[{"href":"https:\/\/unser-aschbach.de\/staging2025\/wp-json\/wp\/v2\/pages"}],"about":[{"href":"https:\/\/unser-aschbach.de\/staging2025\/wp-json\/wp\/v2\/types\/page"}],"author":[{"embeddable":true,"href":"https:\/\/unser-aschbach.de\/staging2025\/wp-json\/wp\/v2\/users\/1"}],"replies":[{"embeddable":true,"href":"https:\/\/unser-aschbach.de\/staging2025\/wp-json\/wp\/v2\/comments?post=1024"}],"version-history":[{"count":10,"href":"https:\/\/unser-aschbach.de\/staging2025\/wp-json\/wp\/v2\/pages\/1024\/revisions"}],"predecessor-version":[{"id":1081,"href":"https:\/\/unser-aschbach.de\/staging2025\/wp-json\/wp\/v2\/pages\/1024\/revisions\/1081"}],"wp:featuredmedia":[{"embeddable":true,"href":"https:\/\/unser-aschbach.de\/staging2025\/wp-json\/wp\/v2\/media\/1032"}],"wp:attachment":[{"href":"https:\/\/unser-aschbach.de\/staging2025\/wp-json\/wp\/v2\/media?parent=1024"}],"curies":[{"name":"wp","href":"https:\/\/api.w.org\/{rel}","templated":true}]}}